{"id":61,"date":"2018-03-22T15:03:14","date_gmt":"2018-03-22T14:03:14","guid":{"rendered":"http:\/\/www.henribelbeoch.com\/artiste\/?page_id=61"},"modified":"2025-04-02T15:21:35","modified_gmt":"2025-04-02T13:21:35","slug":"prix-et-distinctions","status":"publish","type":"page","link":"https:\/\/www.henribelbeoch.com\/artiste\/prix-et-distinctions\/","title":{"rendered":"Prix et distinctions"},"content":{"rendered":"<p><img class=\"alignright size-full wp-image-64\" src=\"http:\/\/www.henribelbeoch.com\/artiste\/wp-content\/uploads\/2018\/03\/Les-Filets-Bleus-Toile-Prix-de-la-ville-de-Concarneau-2013-henri-belbeoch.jpg\" alt=\"Les Filets Bleus - Prix de la Ville de Concarneau - 2013 Henri Belb\u00e9oc'h\" width=\"420\" srcset=\"https:\/\/www.henribelbeoch.com\/artiste\/wp-content\/uploads\/2018\/03\/Les-Filets-Bleus-Toile-Prix-de-la-ville-de-Concarneau-2013-henri-belbeoch.jpg 450w, https:\/\/www.henribelbeoch.com\/artiste\/wp-content\/uploads\/2018\/03\/Les-Filets-Bleus-Toile-Prix-de-la-ville-de-Concarneau-2013-henri-belbeoch-227x300.jpg 227w\" sizes=\"(max-width: 450px) 100vw, 450px\" \/><br \/>\n2006 &#8211; Prix de la ville de <strong>Douarnenez<\/strong><br \/>\n2007 &#8211; Prix de la ville de <strong>Pontivy<\/strong><br \/>\n2008 &#8211; Prix du public Salon de <strong>Douarnenez<\/strong><br \/>\n2009 &#8211; Troph\u00e9e des artistes Salon de <strong>Plomodiern<\/strong><br \/>\n2011 &#8211; 2\u00e8me Prix du Salon Pluie de Toiles \u00ab\u00a0Tonnerre de <strong>Brest<\/strong>\u00a0\u00bb<br \/>\n2011 &#8211; 1er Prix du Salon de <strong>Cl\u00e9der<\/strong><br \/>\n2011 &#8211; 3\u00e8me Prix Salon du L\u00e9on \u00e0 <strong>Landivisiau<\/strong><br \/>\n2011 &#8211; 1er Prix du Salon de <strong>Guipavas<\/strong><br \/>\n2011 &#8211; Prix Armand SEGUIN \u00e0 <strong>Chateauneuf du Faou<\/strong><br \/>\n2011 &#8211; 1er Prix du Salon de <strong>Larmor-Plage<\/strong><br \/>\n2012 &#8211; 1er Prix du Salon de l&rsquo;Esat \u00e0 <strong>Briec de l&rsquo;Odet<\/strong><br \/>\n2012 &#8211; Prix Paul SERUSIER \u00e0 <strong>Chateauneuf du Faou<\/strong><br \/>\n2013 &#8211; Prix de la ville de <strong>Concarneau<\/strong> (Filets Bleus, voir toile ci-contre)<br \/>\n2015 &#8211; 1er Prix du Salon &amp; Prix du public du Salon de <strong>Cl\u00e9der<\/strong><br \/>\n2017 &#8211; Prix du public Salon Pluie de Toiles \u00ab\u00a0Tonnerre de <strong>Brest<\/strong>\u00a0\u00bb<br \/>\n2018 &#8211; Prix du public Salon Pluie de Toiles \u00ab\u00a0Tonnerre de <strong>Brest<\/strong>\u00a0\u00bb<br \/>\n2018 &#8211; Prix du public Salon Paul SERUSIER \u00e0 <strong>Chateauneuf du Faou<\/strong><br \/>\n2018 &#8211; Grand Prix de peinture au Salon d\u2019Hiver de <strong>Carantec<\/strong><br \/>\n2019 &#8211; Prix du public Salon Pluie de Toiles \u00ab\u00a0Tonnerre de <strong>Brest<\/strong>\u00a0\u00bb<br \/>\n2023 &#8211; Prix du public Salon Artistique de <strong>Cl\u00e9der<\/strong><br \/>\n2025 &#8211; Prix du 25e Anniversaire du Salon Pluie de Toiles \u00e0 <strong>Brest<\/strong><\/p>\n<p><strong>Invit\u00e9 d&rsquo;honneur<\/strong><\/p>\n<p>2013 &#8211; Salon de <strong>Plou\u00e9zoc&rsquo;h<\/strong><br \/>\n2015 &#8211; Salon de <strong>Larmor-Plage<\/strong><br \/>\n2016 &#8211; Salon de <strong>Cl\u00e9der<\/strong><br \/>\n2017 &#8211; Salon de Cap Caval Art de <strong>Penmarc&rsquo;h<\/strong><\/p>\n<p><strong>Distinctions<\/strong><\/p>\n<p>Depuis 2012 &#8211; Membre de l&rsquo;<span style=\"text-decoration: underline;\"><a href=\"http:\/\/www.academie-arts-sciences-mer.fr\" target=\"_blank\" rel=\"noopener\"><strong>Acad\u00e9mie des Arts &amp; Sciences de la Mer<\/strong><\/a><\/span><br \/>\n2017 &#8211; M\u00e9daille d&rsquo;argent des <strong>Arts, Sciences &amp; Lettres<\/strong><\/p>\n","protected":false},"excerpt":{"rendered":"<p>2006 &#8211; Prix de la ville de Douarnenez 2007 &#8211; Prix de la ville de Pontivy 2008 &#8211; Prix du public Salon de Douarnenez 2009 &#8211; Troph\u00e9e des artistes Salon de Plomodiern 2011 &#8211; 2\u00e8me Prix du Salon Pluie de Toiles \u00ab\u00a0Tonnerre de Brest\u00a0\u00bb 2011 &#8211; 1er Prix du Salon de Cl\u00e9der 2011 &#8211; 3\u00e8me [&hellip;]<\/p>\n","protected":false},"author":1,"featured_media":0,"parent":0,"menu_order":0,"comment_status":"closed","ping_status":"closed","template":"","meta":[],"_links":{"self":[{"href":"https:\/\/www.henribelbeoch.com\/artiste\/wp-json\/wp\/v2\/pages\/61"}],"collection":[{"href":"https:\/\/www.henribelbeoch.com\/artiste\/wp-json\/wp\/v2\/pages"}],"about":[{"href":"https:\/\/www.henribelbeoch.com\/artiste\/wp-json\/wp\/v2\/types\/page"}],"author":[{"embeddable":true,"href":"https:\/\/www.henribelbeoch.com\/artiste\/wp-json\/wp\/v2\/users\/1"}],"replies":[{"embeddable":true,"href":"https:\/\/www.henribelbeoch.com\/artiste\/wp-json\/wp\/v2\/comments?post=61"}],"version-history":[{"count":9,"href":"https:\/\/www.henribelbeoch.com\/artiste\/wp-json\/wp\/v2\/pages\/61\/revisions"}],"predecessor-version":[{"id":472,"href":"https:\/\/www.henribelbeoch.com\/artiste\/wp-json\/wp\/v2\/pages\/61\/revisions\/472"}],"wp:attachment":[{"href":"https:\/\/www.henribelbeoch.com\/artiste\/wp-json\/wp\/v2\/media?parent=61"}],"curies":[{"name":"wp","href":"https:\/\/api.w.org\/{rel}","templated":true}]}}

<p><img class="alignright size-full wp-image-64" src="http://www.henribelbeoch.com/artiste/wp-content/uploads/2018/03/Les-Filets-Bleus-Toile-Prix-de-la-ville-de-Concarneau-2013-henri-belbeoch.jpg" alt="Les Filets Bleus - Prix de la Ville de Concarneau - 2013 Henri Belbéoc'h" width="420" srcset="https://www.henribelbeoch.com/artiste/wp-content/uploads/2018/03/Les-Filets-Bleus-Toile-Prix-de-la-ville-de-Concarneau-2013-henri-belbeoch.jpg 450w, https://www.henribelbeoch.com/artiste/wp-content/uploads/2018/03/Les-Filets-Bleus-Toile-Prix-de-la-ville-de-Concarneau-2013-henri-belbeoch-227x300.jpg 227w" sizes="(max-width: 450px) 100vw, 450px" /><br />
2006 &#8211; Prix de la ville de <strong>Douarnenez</strong><br />
2007 &#8211; Prix de la ville de <strong>Pontivy</strong><br />
2008 &#8211; Prix du public Salon de <strong>Douarnenez</strong><br />
2009 &#8211; Trophée des artistes Salon de <strong>Plomodiern</strong><br />
2011 &#8211; 2ème Prix du Salon Pluie de Toiles « Tonnerre de <strong>Brest</strong> »<br />
2011 &#8211; 1er Prix du Salon de <strong>Cléder</strong><br />
2011 &#8211; 3ème Prix Salon du Léon à <strong>Landivisiau</strong><br />
2011 &#8211; 1er Prix du Salon de <strong>Guipavas</strong><br />
2011 &#8211; Prix Armand SEGUIN à <strong>Chateauneuf du Faou</strong><br />
2011 &#8211; 1er Prix du Salon de <strong>Larmor-Plage</strong><br />
2012 &#8211; 1er Prix du Salon de l&rsquo;Esat à <strong>Briec de l&rsquo;Odet</strong><br />
2012 &#8211; Prix Paul SERUSIER à <strong>Chateauneuf du Faou</strong><br />
2013 &#8211; Prix de la ville de <strong>Concarneau</strong> (Filets Bleus, voir toile ci-contre)<br />
2015 &#8211; 1er Prix du Salon &amp; Prix du public du Salon de <strong>Cléder</strong><br />
2017 &#8211; Prix du public Salon Pluie de Toiles « Tonnerre de <strong>Brest</strong> »<br />
2018 &#8211; Prix du public Salon Pluie de Toiles « Tonnerre de <strong>Brest</strong> »<br />
2018 &#8211; Prix du public Salon Paul SERUSIER à <strong>Chateauneuf du Faou</strong><br />
2018 &#8211; Grand Prix de peinture au Salon d’Hiver de <strong>Carantec</strong><br />
2019 &#8211; Prix du public Salon Pluie de Toiles « Tonnerre de <strong>Brest</strong> »<br />
2023 &#8211; Prix du public Salon Artistique de <strong>Cléder</strong><br />
2025 &#8211; Prix du 25e Anniversaire du Salon Pluie de Toiles à <strong>Brest</strong></p>
<p><strong>Invité d&rsquo;honneur</strong></p>
<p>2013 &#8211; Salon de <strong>Plouézoc&rsquo;h</strong><br />
2015 &#8211; Salon de <strong>Larmor-Plage</strong><br />
2016 &#8211; Salon de <strong>Cléder</strong><br />
2017 &#8211; Salon de Cap Caval Art de <strong>Penmarc&rsquo;h</strong></p>
<p><strong>Distinctions</strong></p>
<p>Depuis 2012 &#8211; Membre de l&rsquo;<span style="text-decoration: underline;"><a href="http://www.academie-arts-sciences-mer.fr" target="_blank" rel="noopener"><strong>Académie des Arts &amp; Sciences de la Mer</strong></a></span><br />
2017 &#8211; Médaille d&rsquo;argent des <strong>Arts, Sciences &amp; Lettres</strong></p>

<p>2006 &#8211; Prix de la ville de Douarnenez 2007 &#8211; Prix de la ville de Pontivy 2008 &#8211; Prix du public Salon de Douarnenez 2009 &#8211; Trophée des artistes Salon de Plomodiern 2011 &#8211; 2ème Prix du Salon Pluie de Toiles « Tonnerre de Brest » 2011 &#8211; 1er Prix du Salon de Cléder 2011 &#8211; 3ème [&hellip;]</p>
